{"id":1962,"date":"2020-01-16T17:03:11","date_gmt":"2020-01-16T17:03:11","guid":{"rendered":"https:\/\/tkomlosi.hu\/szentgyorgyi\/?page_id=1962"},"modified":"2020-01-16T18:29:38","modified_gmt":"2020-01-16T18:29:38","slug":"gyere-te-is-ide","status":"publish","type":"page","link":"https:\/\/szentgyorgyi.bszc.hu\/site\/gyere-te-is-ide\/","title":{"rendered":"Gyere te is ide"},"content":{"rendered":"<div class=\"wpb-content-wrapper\"><p>[vc_row][vc_column width=&#8221;1\/2&#8243;]<div id=\"ultimate-heading-302969eb31a5211b5\" class=\"uvc-heading ult-adjust-bottom-margin ultimate-heading-302969eb31a5211b5 uvc-3707  uvc-heading-default-font-sizes\" data-hspacer=\"no_spacer\"  data-halign=\"center\" style=\"text-align:center\"><div class=\"uvc-heading-spacer no_spacer\" style=\"top\"><\/div><div class=\"uvc-main-heading ult-responsive\"  data-ultimate-target='.uvc-heading.ultimate-heading-302969eb31a5211b5 h2'  data-responsive-json-new='{\"font-size\":\"\",\"line-height\":\"\"}' ><h2 style=\"text-decoration:underline;font-style:italic;--font-weight:theme;\">Jelentkez\u00e9s az iskol\u00e1ba<\/h2><\/div><\/div><div class=\"ult-spacer spacer-69eb31a5211f3\" data-id=\"69eb31a5211f3\" data-height=\"10\" data-height-mobile=\"10\" data-height-tab=\"10\" data-height-tab-portrait=\"\" data-height-mobile-landscape=\"\" style=\"clear:both;display:block;\"><\/div><style type=\"text\/css\" data-type=\"the7_shortcodes-inline-css\">.blog-shortcode.blog-list-shortcode-id-a16a776bbba176cd04cb5a6b8b9f6974.dividers-on.classic-layout-list article {\n  margin-top: 50px;\n  padding-top: 0;\n}\n.blog-shortcode.blog-list-shortcode-id-a16a776bbba176cd04cb5a6b8b9f6974.dividers-on.classic-layout-list article:first-of-type {\n  margin-top: 0;\n  padding-top: 0;\n}\n.blog-shortcode.blog-list-shortcode-id-a16a776bbba176cd04cb5a6b8b9f6974.classic-layout-list.mode-list .post-thumbnail-wrap {\n  width: 50%;\n}\n.blog-shortcode.blog-list-shortcode-id-a16a776bbba176cd04cb5a6b8b9f6974.classic-layout-list.mode-list .post-entry-content {\n  width: calc(100% - 50%);\n}\n.blog-shortcode.blog-list-shortcode-id-a16a776bbba176cd04cb5a6b8b9f6974.classic-layout-list.mode-list .no-img .post-entry-content {\n  width: 100%;\n}\n.blog-shortcode.blog-list-shortcode-id-a16a776bbba176cd04cb5a6b8b9f6974 .filter-bg-decoration .filter-categories a.act {\n  color: #fff;\n}\n.blog-shortcode.blog-list-shortcode-id-a16a776bbba176cd04cb5a6b8b9f6974:not(.mode-masonry) article {\n  margin-top: 50px;\n}\n.blog-shortcode.blog-list-shortcode-id-a16a776bbba176cd04cb5a6b8b9f6974:not(.mode-masonry) article:first-of-type,\n.blog-shortcode.blog-list-shortcode-id-a16a776bbba176cd04cb5a6b8b9f6974:not(.mode-masonry) article.visible.first:not(.product) {\n  margin-top: 0;\n}\n.blog-shortcode.blog-list-shortcode-id-a16a776bbba176cd04cb5a6b8b9f6974.dividers-on:not(.mode-masonry) article {\n  margin-top: 0;\n  padding-top: 50px;\n}\n.blog-shortcode.blog-list-shortcode-id-a16a776bbba176cd04cb5a6b8b9f6974.dividers-on:not(.mode-masonry) article:first-of-type,\n.blog-shortcode.blog-list-shortcode-id-a16a776bbba176cd04cb5a6b8b9f6974.dividers-on:not(.mode-masonry) article.visible.first:not(.product) {\n  margin-top: 0;\n  padding-top: 0;\n}\n.blog-shortcode.blog-list-shortcode-id-a16a776bbba176cd04cb5a6b8b9f6974 .post-thumbnail-wrap {\n  padding: 0px 0px 0px 0px;\n}\n.blog-shortcode.blog-list-shortcode-id-a16a776bbba176cd04cb5a6b8b9f6974.enable-bg-rollover .post-thumbnail-rollover:after {\n  background: -webkit-linear-gradient();\n  background: linear-gradient();\n}\n.blog-shortcode.blog-list-shortcode-id-a16a776bbba176cd04cb5a6b8b9f6974 .gallery-zoom-ico {\n  width: 44px;\n  height: 44px;\n  line-height: 44px;\n  border-radius: 100px;\n  margin: -22px 0 0 -22px;\n  border-width: 0px;\n  color: #ffffff;\n}\n.bottom-overlap-layout-list.blog-shortcode.blog-list-shortcode-id-a16a776bbba176cd04cb5a6b8b9f6974 .gallery-zoom-ico {\n  margin-top: -22px;\n}\n.gradient-overlay-layout-list.blog-shortcode.blog-list-shortcode-id-a16a776bbba176cd04cb5a6b8b9f6974 .gallery-zoom-ico,\n.content-rollover-layout-list.blog-shortcode.blog-list-shortcode-id-a16a776bbba176cd04cb5a6b8b9f6974 .gallery-zoom-ico {\n  margin: 0 0 10px;\n}\n.content-align-center.gradient-overlay-layout-list.blog-shortcode.blog-list-shortcode-id-a16a776bbba176cd04cb5a6b8b9f6974 .gallery-zoom-ico,\n.content-align-center.content-rollover-layout-list.blog-shortcode.blog-list-shortcode-id-a16a776bbba176cd04cb5a6b8b9f6974 .gallery-zoom-ico {\n  margin: 0 auto 10px;\n}\n.dt-icon-bg-on.blog-shortcode.blog-list-shortcode-id-a16a776bbba176cd04cb5a6b8b9f6974 .gallery-zoom-ico {\n  background: rgba(255,255,255,0.3);\n  box-shadow: none;\n}\n.blog-shortcode.blog-list-shortcode-id-a16a776bbba176cd04cb5a6b8b9f6974 .gallery-zoom-ico > span,\n.blog-shortcode.blog-list-shortcode-id-a16a776bbba176cd04cb5a6b8b9f6974 .gallery-zoom-ico:before {\n  font-size: 32px;\n  line-height: 44px;\n}\n.blog-shortcode.blog-list-shortcode-id-a16a776bbba176cd04cb5a6b8b9f6974 .gallery-zoom-ico > span,\n.blog-shortcode.blog-list-shortcode-id-a16a776bbba176cd04cb5a6b8b9f6974 .gallery-zoom-ico:before {\n  color: #ffffff;\n}\n.blog-shortcode.blog-list-shortcode-id-a16a776bbba176cd04cb5a6b8b9f6974 .fancy-date a {\n  background: #ffffff;\n  box-shadow: none;\n}\n.blog-shortcode.blog-list-shortcode-id-a16a776bbba176cd04cb5a6b8b9f6974 .fancy-date a * {\n  color: #2d2d2d;\n}\n.blog-shortcode.blog-list-shortcode-id-a16a776bbba176cd04cb5a6b8b9f6974 .entry-title,\n.blog-shortcode.blog-list-shortcode-id-a16a776bbba176cd04cb5a6b8b9f6974.owl-carousel .entry-title {\n  margin-bottom: 5px;\n  font-weight: bold;\n}\n.blog-shortcode.blog-list-shortcode-id-a16a776bbba176cd04cb5a6b8b9f6974 .entry-meta {\n  margin-bottom: 15px;\n}\n.blog-shortcode.blog-list-shortcode-id-a16a776bbba176cd04cb5a6b8b9f6974 .portfolio-categories {\n  margin-bottom: 15px;\n}\n.blog-shortcode.blog-list-shortcode-id-a16a776bbba176cd04cb5a6b8b9f6974 .entry-excerpt {\n  margin-bottom: 5px;\n}\n.blog-shortcode.blog-list-shortcode-id-a16a776bbba176cd04cb5a6b8b9f6974:not(.centered-layout-list) .post-entry-content {\n  padding: 25px 30px 30px 30px;\n}\n.blog-shortcode.blog-list-shortcode-id-a16a776bbba176cd04cb5a6b8b9f6974:not(.centered-layout-list):not(.content-bg-on):not(.mode-list) .no-img .post-entry-content {\n  padding: 0;\n}\n@media screen and (max-width: 768px) {\n  .blog-shortcode.blog-list-shortcode-id-a16a776bbba176cd04cb5a6b8b9f6974 article {\n    -ms-flex-flow: column nowrap;\n    flex-flow: column nowrap;\n    margin-top: 20px;\n  }\n  .blog-shortcode.blog-list-shortcode-id-a16a776bbba176cd04cb5a6b8b9f6974.dividers-on article {\n    border: none;\n  }\n  .blog-shortcode.blog-list-shortcode-id-a16a776bbba176cd04cb5a6b8b9f6974.content-bg-on.centered-layout-list article {\n    padding: 0;\n  }\n  .blog-shortcode.blog-list-shortcode-id-a16a776bbba176cd04cb5a6b8b9f6974.blog-shortcode.dividers-on article,\n  .blog-shortcode.blog-list-shortcode-id-a16a776bbba176cd04cb5a6b8b9f6974.dividers-on.classic-layout-list article {\n    margin-top: 20px;\n    padding: 0;\n  }\n  .blog-shortcode.blog-list-shortcode-id-a16a776bbba176cd04cb5a6b8b9f6974.blog-shortcode.dividers-on article:first-of-type,\n  .blog-shortcode.blog-list-shortcode-id-a16a776bbba176cd04cb5a6b8b9f6974.dividers-on.classic-layout-list article:first-of-type {\n    padding: 0;\n  }\n  #page .blog-shortcode.blog-list-shortcode-id-a16a776bbba176cd04cb5a6b8b9f6974 .post-thumbnail-wrap,\n  #page .blog-shortcode.blog-list-shortcode-id-a16a776bbba176cd04cb5a6b8b9f6974 .post-entry-content {\n    width: 100%;\n    margin: 0;\n    top: 0;\n  }\n  #page .blog-shortcode.blog-list-shortcode-id-a16a776bbba176cd04cb5a6b8b9f6974 .post-thumbnail-wrap {\n    padding: 0;\n  }\n  #page .blog-shortcode.blog-list-shortcode-id-a16a776bbba176cd04cb5a6b8b9f6974 .post-entry-content:after {\n    display: none;\n  }\n  #page .blog-shortcode.blog-list-shortcode-id-a16a776bbba176cd04cb5a6b8b9f6974 .project-even .post-thumbnail-wrap,\n  #page .blog-shortcode.blog-list-shortcode-id-a16a776bbba176cd04cb5a6b8b9f6974.centered-layout-list .post-thumbnail-wrap {\n    -ms-flex-order: 0;\n    order: 0;\n  }\n  #page .blog-shortcode.blog-list-shortcode-id-a16a776bbba176cd04cb5a6b8b9f6974.centered-layout-list .post-entry-title-content {\n    -ms-flex-order: 1;\n    order: 1;\n    width: 100%;\n    padding: 20px 20px 0;\n  }\n  #page .blog-shortcode.blog-list-shortcode-id-a16a776bbba176cd04cb5a6b8b9f6974.centered-layout-list .post-entry-content {\n    -ms-flex-order: 2;\n    order: 2;\n    padding-top: 0;\n  }\n  #page .blog-shortcode.blog-list-shortcode-id-a16a776bbba176cd04cb5a6b8b9f6974 .fancy-categories {\n    top: 10px;\n    left: 10px;\n    bottom: auto;\n    right: auto;\n  }\n  #page .blog-shortcode.blog-list-shortcode-id-a16a776bbba176cd04cb5a6b8b9f6974 .fancy-date a {\n    top: 10px;\n    right: 10px;\n    left: auto;\n    bottom: auto;\n  }\n  #page .blog-shortcode.blog-list-shortcode-id-a16a776bbba176cd04cb5a6b8b9f6974 .post-entry-content {\n    padding: 20px;\n  }\n  #page .blog-shortcode.blog-list-shortcode-id-a16a776bbba176cd04cb5a6b8b9f6974 .entry-title {\n    margin: 3px 0 5px;\n    font-size: 20px;\n    line-height: 26px;\n  }\n  #page .blog-shortcode.blog-list-shortcode-id-a16a776bbba176cd04cb5a6b8b9f6974 .entry-meta {\n    margin: 5px 0 5px;\n  }\n  #page .blog-shortcode.blog-list-shortcode-id-a16a776bbba176cd04cb5a6b8b9f6974 .entry-excerpt {\n    margin: 15px 0 0;\n  }\n  #page .blog-shortcode.blog-list-shortcode-id-a16a776bbba176cd04cb5a6b8b9f6974 .post-details {\n    margin: 5px 0 10px;\n  }\n  #page .blog-shortcode.blog-list-shortcode-id-a16a776bbba176cd04cb5a6b8b9f6974 .post-details.details-type-link {\n    margin-bottom: 2px;\n  }\n}\n<\/style><div class=\"articles-list blog-shortcode mode-list blog-list-shortcode-id-a16a776bbba176cd04cb5a6b8b9f6974 classic-layout-list content-bg-on jquery-filter scale-img dt-icon-bg-off loading-effect-fade-in\" data-cur-page=\"1\" data-post-limit=\"3\" data-pagination-mode=\"load-more\" aria-live=\"assertive\"><article class=\"post project-odd visible no-img post-3454 type-post status-publish format-standard hentry category-jelentkezes-az-iskolaba category-36 description-off\" data-name=\"Jelentkez\u00e9s az Iskol\u00e1ba\" data-date=\"2022-02-28T09:16:29+00:00\">\n\n<div class=\"post-entry-content\">\n\n\t<h3 class=\"entry-title\">\n\t\t<a href=\"https:\/\/szentgyorgyi.bszc.hu\/site\/2022\/02\/28\/jelentkezes_az_iskolaba\/\" title=\"Jelentkez\u00e9s az Iskol\u00e1ba\" rel=\"bookmark\">Jelentkez\u00e9s az Iskol\u00e1ba<\/a>\n\t<\/h3>\n\n\t<div class=\"entry-meta\"><a href=\"https:\/\/szentgyorgyi.bszc.hu\/site\/2022\/02\/28\/\" title=\"09:16\" class=\"data-link\" rel=\"bookmark\"><time class=\"entry-date updated\" datetime=\"2022-02-28T09:16:29+00:00\">2022.02.28.<\/time><\/a><\/div>\n\t<div class=\"entry-excerpt\"><p>[vc_row][vc_column][vc_column_text] K\u00e9rj\u00fck l\u00e1togasson el \u00fajra a k\u00e9s\u0151bbiekben, mikor k\u00f6zz\u00e9tessz\u00fck a 2024\/25-as tan\u00e9vre vonatkoz\u00f3 inform\u00e1ci\u00f3kat. [\/vc_column_text][\/vc_column][\/vc_row]<\/p>\n<\/div>\n\t\n<a href=\"https:\/\/szentgyorgyi.bszc.hu\/site\/2022\/02\/28\/jelentkezes_az_iskolaba\/\" class=\"post-details details-type-link\" aria-label=\"Read more about Jelentkez\u00e9s az Iskol\u00e1ba\">Tov\u00e1bb<i class=\"dt-icon-the7-arrow-03\" aria-hidden=\"true\"><\/i><\/a>\n\n<\/div><\/article><div class=\"paginator paginator-more-button\">\n\t\t\t\t<a class=\"button-load-more \" href=\"javascript:void(0);\" data-dt-page=\"1\" ><span class=\"stick\"><\/span><span class=\"stick\"><\/span><span class=\"stick\"><\/span><span class=\"button-caption\">M\u00e9g t\u00f6bb<\/span><\/a>\n\t\t\t<\/div><\/div><div class=\"ult-spacer spacer-69eb31a52255c\" data-id=\"69eb31a52255c\" data-height=\"10\" data-height-mobile=\"10\" data-height-tab=\"10\" data-height-tab-portrait=\"\" data-height-mobile-landscape=\"\" style=\"clear:both;display:block;\"><\/div>[\/vc_column][vc_column width=&#8221;1\/2&#8243;]<div id=\"ultimate-heading-248369eb31a52257f\" class=\"uvc-heading ult-adjust-bottom-margin ultimate-heading-248369eb31a52257f uvc-8535  uvc-heading-default-font-sizes\" data-hspacer=\"no_spacer\"  data-halign=\"center\" style=\"text-align:center\"><div class=\"uvc-heading-spacer no_spacer\" style=\"top\"><\/div><div class=\"uvc-main-heading ult-responsive\"  data-ultimate-target='.uvc-heading.ultimate-heading-248369eb31a52257f h2'  data-responsive-json-new='{\"font-size\":\"\",\"line-height\":\"\"}' ><h2 style=\"text-decoration:underline;font-style:italic;--font-weight:theme;\">Ny\u00edlt nap<\/h2><\/div><\/div><div class=\"ult-spacer spacer-69eb31a5225af\" data-id=\"69eb31a5225af\" data-height=\"10\" data-height-mobile=\"10\" data-height-tab=\"10\" data-height-tab-portrait=\"\" data-height-mobile-landscape=\"\" style=\"clear:both;display:block;\"><\/div><style type=\"text\/css\" data-type=\"the7_shortcodes-inline-css\">.blog-shortcode.blog-list-shortcode-id-f3e8e958236e609941c44f8862d4f781.dividers-on.classic-layout-list article {\n  margin-top: 50px;\n  padding-top: 0;\n}\n.blog-shortcode.blog-list-shortcode-id-f3e8e958236e609941c44f8862d4f781.dividers-on.classic-layout-list article:first-of-type {\n  margin-top: 0;\n  padding-top: 0;\n}\n.blog-shortcode.blog-list-shortcode-id-f3e8e958236e609941c44f8862d4f781.classic-layout-list.mode-list .post-thumbnail-wrap {\n  width: 50%;\n}\n.blog-shortcode.blog-list-shortcode-id-f3e8e958236e609941c44f8862d4f781.classic-layout-list.mode-list .post-entry-content {\n  width: calc(100% - 50%);\n}\n.blog-shortcode.blog-list-shortcode-id-f3e8e958236e609941c44f8862d4f781.classic-layout-list.mode-list .no-img .post-entry-content {\n  width: 100%;\n}\n.blog-shortcode.blog-list-shortcode-id-f3e8e958236e609941c44f8862d4f781 .filter-bg-decoration .filter-categories a.act {\n  color: #fff;\n}\n.blog-shortcode.blog-list-shortcode-id-f3e8e958236e609941c44f8862d4f781:not(.mode-masonry) article {\n  margin-top: 50px;\n}\n.blog-shortcode.blog-list-shortcode-id-f3e8e958236e609941c44f8862d4f781:not(.mode-masonry) article:first-of-type,\n.blog-shortcode.blog-list-shortcode-id-f3e8e958236e609941c44f8862d4f781:not(.mode-masonry) article.visible.first:not(.product) {\n  margin-top: 0;\n}\n.blog-shortcode.blog-list-shortcode-id-f3e8e958236e609941c44f8862d4f781.dividers-on:not(.mode-masonry) article {\n  margin-top: 0;\n  padding-top: 50px;\n}\n.blog-shortcode.blog-list-shortcode-id-f3e8e958236e609941c44f8862d4f781.dividers-on:not(.mode-masonry) article:first-of-type,\n.blog-shortcode.blog-list-shortcode-id-f3e8e958236e609941c44f8862d4f781.dividers-on:not(.mode-masonry) article.visible.first:not(.product) {\n  margin-top: 0;\n  padding-top: 0;\n}\n.blog-shortcode.blog-list-shortcode-id-f3e8e958236e609941c44f8862d4f781 .post-thumbnail-wrap {\n  padding: 0px 0px 0px 0px;\n}\n.blog-shortcode.blog-list-shortcode-id-f3e8e958236e609941c44f8862d4f781.enable-bg-rollover .post-thumbnail-rollover:after {\n  background: -webkit-linear-gradient();\n  background: linear-gradient();\n}\n.blog-shortcode.blog-list-shortcode-id-f3e8e958236e609941c44f8862d4f781 .gallery-zoom-ico {\n  width: 44px;\n  height: 44px;\n  line-height: 44px;\n  border-radius: 100px;\n  margin: -22px 0 0 -22px;\n  border-width: 0px;\n  color: #ffffff;\n}\n.bottom-overlap-layout-list.blog-shortcode.blog-list-shortcode-id-f3e8e958236e609941c44f8862d4f781 .gallery-zoom-ico {\n  margin-top: -22px;\n}\n.gradient-overlay-layout-list.blog-shortcode.blog-list-shortcode-id-f3e8e958236e609941c44f8862d4f781 .gallery-zoom-ico,\n.content-rollover-layout-list.blog-shortcode.blog-list-shortcode-id-f3e8e958236e609941c44f8862d4f781 .gallery-zoom-ico {\n  margin: 0 0 10px;\n}\n.content-align-center.gradient-overlay-layout-list.blog-shortcode.blog-list-shortcode-id-f3e8e958236e609941c44f8862d4f781 .gallery-zoom-ico,\n.content-align-center.content-rollover-layout-list.blog-shortcode.blog-list-shortcode-id-f3e8e958236e609941c44f8862d4f781 .gallery-zoom-ico {\n  margin: 0 auto 10px;\n}\n.dt-icon-bg-on.blog-shortcode.blog-list-shortcode-id-f3e8e958236e609941c44f8862d4f781 .gallery-zoom-ico {\n  background: rgba(255,255,255,0.3);\n  box-shadow: none;\n}\n.blog-shortcode.blog-list-shortcode-id-f3e8e958236e609941c44f8862d4f781 .gallery-zoom-ico > span,\n.blog-shortcode.blog-list-shortcode-id-f3e8e958236e609941c44f8862d4f781 .gallery-zoom-ico:before {\n  font-size: 32px;\n  line-height: 44px;\n}\n.blog-shortcode.blog-list-shortcode-id-f3e8e958236e609941c44f8862d4f781 .gallery-zoom-ico > span,\n.blog-shortcode.blog-list-shortcode-id-f3e8e958236e609941c44f8862d4f781 .gallery-zoom-ico:before {\n  color: #ffffff;\n}\n.blog-shortcode.blog-list-shortcode-id-f3e8e958236e609941c44f8862d4f781 .fancy-date a {\n  background: #ffffff;\n  box-shadow: none;\n}\n.blog-shortcode.blog-list-shortcode-id-f3e8e958236e609941c44f8862d4f781 .fancy-date a * {\n  color: #2d2d2d;\n}\n.blog-shortcode.blog-list-shortcode-id-f3e8e958236e609941c44f8862d4f781 .entry-title,\n.blog-shortcode.blog-list-shortcode-id-f3e8e958236e609941c44f8862d4f781.owl-carousel .entry-title {\n  margin-bottom: 5px;\n  font-weight: bold;\n}\n.blog-shortcode.blog-list-shortcode-id-f3e8e958236e609941c44f8862d4f781 .entry-meta {\n  margin-bottom: 15px;\n}\n.blog-shortcode.blog-list-shortcode-id-f3e8e958236e609941c44f8862d4f781 .portfolio-categories {\n  margin-bottom: 15px;\n}\n.blog-shortcode.blog-list-shortcode-id-f3e8e958236e609941c44f8862d4f781 .entry-excerpt {\n  margin-bottom: 5px;\n}\n.blog-shortcode.blog-list-shortcode-id-f3e8e958236e609941c44f8862d4f781:not(.centered-layout-list) .post-entry-content {\n  padding: 25px 30px 30px 30px;\n}\n.blog-shortcode.blog-list-shortcode-id-f3e8e958236e609941c44f8862d4f781:not(.centered-layout-list):not(.content-bg-on):not(.mode-list) .no-img .post-entry-content {\n  padding: 0;\n}\n@media screen and (max-width: 768px) {\n  .blog-shortcode.blog-list-shortcode-id-f3e8e958236e609941c44f8862d4f781 article {\n    -ms-flex-flow: column nowrap;\n    flex-flow: column nowrap;\n    margin-top: 20px;\n  }\n  .blog-shortcode.blog-list-shortcode-id-f3e8e958236e609941c44f8862d4f781.dividers-on article {\n    border: none;\n  }\n  .blog-shortcode.blog-list-shortcode-id-f3e8e958236e609941c44f8862d4f781.content-bg-on.centered-layout-list article {\n    padding: 0;\n  }\n  .blog-shortcode.blog-list-shortcode-id-f3e8e958236e609941c44f8862d4f781.blog-shortcode.dividers-on article,\n  .blog-shortcode.blog-list-shortcode-id-f3e8e958236e609941c44f8862d4f781.dividers-on.classic-layout-list article {\n    margin-top: 20px;\n    padding: 0;\n  }\n  .blog-shortcode.blog-list-shortcode-id-f3e8e958236e609941c44f8862d4f781.blog-shortcode.dividers-on article:first-of-type,\n  .blog-shortcode.blog-list-shortcode-id-f3e8e958236e609941c44f8862d4f781.dividers-on.classic-layout-list article:first-of-type {\n    padding: 0;\n  }\n  #page .blog-shortcode.blog-list-shortcode-id-f3e8e958236e609941c44f8862d4f781 .post-thumbnail-wrap,\n  #page .blog-shortcode.blog-list-shortcode-id-f3e8e958236e609941c44f8862d4f781 .post-entry-content {\n    width: 100%;\n    margin: 0;\n    top: 0;\n  }\n  #page .blog-shortcode.blog-list-shortcode-id-f3e8e958236e609941c44f8862d4f781 .post-thumbnail-wrap {\n    padding: 0;\n  }\n  #page .blog-shortcode.blog-list-shortcode-id-f3e8e958236e609941c44f8862d4f781 .post-entry-content:after {\n    display: none;\n  }\n  #page .blog-shortcode.blog-list-shortcode-id-f3e8e958236e609941c44f8862d4f781 .project-even .post-thumbnail-wrap,\n  #page .blog-shortcode.blog-list-shortcode-id-f3e8e958236e609941c44f8862d4f781.centered-layout-list .post-thumbnail-wrap {\n    -ms-flex-order: 0;\n    order: 0;\n  }\n  #page .blog-shortcode.blog-list-shortcode-id-f3e8e958236e609941c44f8862d4f781.centered-layout-list .post-entry-title-content {\n    -ms-flex-order: 1;\n    order: 1;\n    width: 100%;\n    padding: 20px 20px 0;\n  }\n  #page .blog-shortcode.blog-list-shortcode-id-f3e8e958236e609941c44f8862d4f781.centered-layout-list .post-entry-content {\n    -ms-flex-order: 2;\n    order: 2;\n    padding-top: 0;\n  }\n  #page .blog-shortcode.blog-list-shortcode-id-f3e8e958236e609941c44f8862d4f781 .fancy-categories {\n    top: 10px;\n    left: 10px;\n    bottom: auto;\n    right: auto;\n  }\n  #page .blog-shortcode.blog-list-shortcode-id-f3e8e958236e609941c44f8862d4f781 .fancy-date a {\n    top: 10px;\n    right: 10px;\n    left: auto;\n    bottom: auto;\n  }\n  #page .blog-shortcode.blog-list-shortcode-id-f3e8e958236e609941c44f8862d4f781 .post-entry-content {\n    padding: 20px;\n  }\n  #page .blog-shortcode.blog-list-shortcode-id-f3e8e958236e609941c44f8862d4f781 .entry-title {\n    margin: 3px 0 5px;\n    font-size: 20px;\n    line-height: 26px;\n  }\n  #page .blog-shortcode.blog-list-shortcode-id-f3e8e958236e609941c44f8862d4f781 .entry-meta {\n    margin: 5px 0 5px;\n  }\n  #page .blog-shortcode.blog-list-shortcode-id-f3e8e958236e609941c44f8862d4f781 .entry-excerpt {\n    margin: 15px 0 0;\n  }\n  #page .blog-shortcode.blog-list-shortcode-id-f3e8e958236e609941c44f8862d4f781 .post-details {\n    margin: 5px 0 10px;\n  }\n  #page .blog-shortcode.blog-list-shortcode-id-f3e8e958236e609941c44f8862d4f781 .post-details.details-type-link {\n    margin-bottom: 2px;\n  }\n}\n<\/style><div class=\"articles-list blog-shortcode mode-list blog-list-shortcode-id-f3e8e958236e609941c44f8862d4f781 classic-layout-list content-bg-on jquery-filter scale-img dt-icon-bg-off loading-effect-fade-in\" data-cur-page=\"1\" data-post-limit=\"3\" data-pagination-mode=\"load-more\" aria-live=\"assertive\"><div class=\"paginator paginator-more-button\">\n\t\t\t\t<a class=\"button-load-more \" href=\"javascript:void(0);\" data-dt-page=\"1\" ><span class=\"stick\"><\/span><span class=\"stick\"><\/span><span class=\"stick\"><\/span><span class=\"button-caption\">M\u00e9g t\u00f6bb<\/span><\/a>\n\t\t\t<\/div><\/div><div class=\"ult-spacer spacer-69eb31a522933\" data-id=\"69eb31a522933\" data-height=\"10\" data-height-mobile=\"10\" data-height-tab=\"10\" data-height-tab-portrait=\"\" data-height-mobile-landscape=\"\" style=\"clear:both;display:block;\"><\/div>[\/vc_column][\/vc_row]<\/p>\n<\/div>","protected":false},"excerpt":{"rendered":"<p>[vc_row][vc_column width=&#8221;1\/2&#8243;][\/vc_column][vc_column width=&#8221;1\/2&#8243;][\/vc_column][\/vc_row]<\/p>\n","protected":false},"author":1,"featured_media":0,"parent":0,"menu_order":0,"comment_status":"closed","ping_status":"closed","template":"","meta":{"footnotes":""},"class_list":["post-1962","page","type-page","status-publish","hentry","description-off"],"rttpg_featured_image_url":null,"rttpg_author":{"display_name":"admin","author_link":"https:\/\/szentgyorgyi.bszc.hu\/site\/author\/admin\/"},"rttpg_comment":0,"rttpg_category":null,"rttpg_excerpt":"[vc_row][vc_column width=&#8221;1\/2&#8243;][\/vc_column][vc_column width=&#8221;1\/2&#8243;][\/vc_column][\/vc_row]","_links":{"self":[{"href":"https:\/\/szentgyorgyi.bszc.hu\/site\/wp-json\/wp\/v2\/pages\/1962","targetHints":{"allow":["GET"]}}],"collection":[{"href":"https:\/\/szentgyorgyi.bszc.hu\/site\/wp-json\/wp\/v2\/pages"}],"about":[{"href":"https:\/\/szentgyorgyi.bszc.hu\/site\/wp-json\/wp\/v2\/types\/page"}],"author":[{"embeddable":true,"href":"https:\/\/szentgyorgyi.bszc.hu\/site\/wp-json\/wp\/v2\/users\/1"}],"replies":[{"embeddable":true,"href":"https:\/\/szentgyorgyi.bszc.hu\/site\/wp-json\/wp\/v2\/comments?post=1962"}],"version-history":[{"count":20,"href":"https:\/\/szentgyorgyi.bszc.hu\/site\/wp-json\/wp\/v2\/pages\/1962\/revisions"}],"predecessor-version":[{"id":1986,"href":"https:\/\/szentgyorgyi.bszc.hu\/site\/wp-json\/wp\/v2\/pages\/1962\/revisions\/1986"}],"wp:attachment":[{"href":"https:\/\/szentgyorgyi.bszc.hu\/site\/wp-json\/wp\/v2\/media?parent=1962"}],"curies":[{"name":"wp","href":"https:\/\/api.w.org\/{rel}","templated":true}]}}